{"id":7745,"date":"2023-10-31T14:49:52","date_gmt":"2023-10-31T13:49:52","guid":{"rendered":"https:\/\/adest.it\/cms\/?page_id=7745"},"modified":"2024-01-17T18:22:59","modified_gmt":"2024-01-17T17:22:59","slug":"procedimento-e-processo-tributario","status":"publish","type":"page","link":"https:\/\/www.adest.it\/cms\/aree-attivita\/procedimento-e-processo-tributario\/","title":{"rendered":"Procedimento e Processo Tributario"},"content":{"rendered":"\t\t<div data-elementor-type=\"wp-page\" data-elementor-id=\"7745\" class=\"elementor elementor-7745\" data-elementor-post-type=\"page\">\n\t\t\t\t\t\t<section class=\"elementor-section elementor-top-section elementor-element elementor-element-ad24f2e elementor-section-boxed elementor-section-height-default elementor-section-height-default\" data-id=\"ad24f2e\" data-element_type=\"section\">\n\t\t\t\t\t\t<div class=\"elementor-container elementor-column-gap-default\">\n\t\t\t\t\t<div class=\"elementor-column elementor-col-100 elementor-top-column elementor-element elementor-element-c1723b3\" data-id=\"c1723b3\" data-element_type=\"column\">\n\t\t\t<div class=\"elementor-widget-wrap elementor-element-populated\">\n\t\t\t\t\t\t<section class=\"elementor-section elementor-inner-section elementor-element elementor-element-0c40fb7 elementor-reverse-tablet elementor-reverse-mobile elementor-section-boxed elementor-section-height-default elementor-section-height-default\" data-id=\"0c40fb7\" data-element_type=\"section\">\n\t\t\t\t\t\t<div class=\"elementor-container elementor-column-gap-wider\">\n\t\t\t\t\t<div class=\"elementor-column elementor-col-50 elementor-inner-column elementor-element elementor-element-95fa63c\" data-id=\"95fa63c\" data-element_type=\"column\">\n\t\t\t<div class=\"elementor-widget-wrap elementor-element-populated\">\n\t\t\t\t\t\t<div class=\"elementor-element elementor-element-4349253 elementor-widget elementor-widget-heading\" data-id=\"4349253\" data-element_type=\"widget\" data-widget_type=\"heading.default\">\n\t\t\t\t<div class=\"elementor-widget-container\">\n\t\t\t<h3 class=\"elementor-heading-title elementor-size-default\">Procedimento e Processo Tributario<\/h3>\t\t<\/div>\n\t\t\t\t<\/div>\n\t\t\t\t<div class=\"elementor-element elementor-element-8d202e3 elementor-widget elementor-widget-spacer\" data-id=\"8d202e3\" data-element_type=\"widget\" data-widget_type=\"spacer.default\">\n\t\t\t\t<div class=\"elementor-widget-container\">\n\t\t\t\t\t<div class=\"elementor-spacer\">\n\t\t\t<div class=\"elementor-spacer-inner\"><\/div>\n\t\t<\/div>\n\t\t\t\t<\/div>\n\t\t\t\t<\/div>\n\t\t\t\t<div class=\"elementor-element elementor-element-e478848 elementor-widget elementor-widget-text-editor\" data-id=\"e478848\" data-element_type=\"widget\" data-widget_type=\"text-editor.default\">\n\t\t\t\t<div class=\"elementor-widget-container\">\n\t\t\t\t\t\t\t<p style=\"text-align: justify;\">\u00c0dest offre assistenza e consulenza in una vasta gamma di settori del diritto tributario, che spaziano dalla fiscalit\u00e0 delle persone fisiche a quella delle imprese e dei gruppi aziendali, dalla fiscalit\u00e0 internazionale a quella dei mercati finanziari. Copriamo anche questioni legate all&#8217;IVA, alla fiscalit\u00e0 immobiliare e dell&#8217;energia, fornendo supporto in tutte le fasi dei procedimenti e processi tributari, inclusi quelli di natura penale. La nostra esperienza si estende anche alla rappresentanza dinanzi alla Corte di Cassazione e alla Corte di Giustizia dell&#8217;Unione Europea.<\/p>\n<p style=\"text-align: justify;\">Nei procedimenti tributari, abbiamo sviluppato una particolare competenza nella gestione di controversie e indagini condotte dalla Guardia di Finanza e dalle diverse Agenzie fiscali. Ci occupiamo della redazione di memorie difensive e forniamo assistenza durante le verifiche bancarie e gli interrogatori.<\/p>\t\t\t\t\t\t<\/div>\n\t\t\t\t<\/div>\n\t\t\t\t<div class=\"elementor-element elementor-element-f2821e3 elementor-widget elementor-widget-spacer\" data-id=\"f2821e3\" data-element_type=\"widget\" data-widget_type=\"spacer.default\">\n\t\t\t\t<div class=\"elementor-widget-container\">\n\t\t\t\t\t<div class=\"elementor-spacer\">\n\t\t\t<div class=\"elementor-spacer-inner\"><\/div>\n\t\t<\/div>\n\t\t\t\t<\/div>\n\t\t\t\t<\/div>\n\t\t\t\t<div class=\"elementor-element elementor-element-d47b018 elementor-widget elementor-widget-spacer\" data-id=\"d47b018\" data-element_type=\"widget\" data-widget_type=\"spacer.default\">\n\t\t\t\t<div class=\"elementor-widget-container\">\n\t\t\t\t\t<div class=\"elementor-spacer\">\n\t\t\t<div class=\"elementor-spacer-inner\"><\/div>\n\t\t<\/div>\n\t\t\t\t<\/div>\n\t\t\t\t<\/div>\n\t\t\t\t<div class=\"elementor-element elementor-element-bc0ced8 icon-box-vertical-align-center icon-position-mobile-left content-align-left icon-position-left icon-vertical-align-start elementor-widget elementor-widget-the7_icon_box_grid_widget\" data-id=\"bc0ced8\" data-element_type=\"widget\" data-widget_type=\"the7_icon_box_grid_widget.default\">\n\t\t\t\t<div class=\"elementor-widget-container\">\n\t\t\t<div class=\"the7-box-grid-wrapper the7-elementor-widget loading-effect-none the7_icon_box_grid_widget-bc0ced8\">\t\t\t<div class=\"dt-css-grid\">\n\t\t\t\t\t\t\t\t\t<div class=\"wf-cell shown\">\n\t\t\t\t\t\t<a class=\"the7-icon-box-grid box-hover\" aria-label=\"Assistenza in tutte le fasi dei procedimenti e processi tributari\">\t\t\t\t\t\t\t<div class=\"box-content-wrapper\">\n\t\t\t\t\t\t\t\t\t\t\t\t\t\t\t\t\t<div class=\"elementor-icon-div\">\t\t\t\t\t\t\t\t\t\t<div class=\"elementor-icon\">\n\t\t\t\t\t\t\t\t\t\t\t<i aria-hidden=\"true\" class=\"feather feather-check\"><\/i>\t\t\t\t\t\t\t\t\t\t<\/div>\n\t\t\t\t\t\t\t\t\t<\/div>\t\t\t\t\t\t\t\t\t\t\t\t\t\t\t\t<div class=\"box-content\">\n\t\t\t\t\t\t\t\t\t\t\t\t\t\t\t\t\t\t\t\t\t\t\t\t\t\t\t\t\t<h4 class=\"box-heading\">\n\t\t\t\t\t\t\t\t\t\t\t\t\t\t\t\t\t\t\t\t\t\t\tAssistenza in tutte le fasi dei procedimenti e processi tributari\t\t\t\t\t\t\t\t\t\t\t\t\t\t\t\t\t\t\t\t\t<\/h4>\n\t\t\t\t\t\t\t\t\t\t\t\t\t\t\t\t\t\t\t\t\t\t\t\t\t\t\t\t\t\t\t\t\t\t\t<\/div>\n\t\t\t\t\t\t\t<\/div>\n\t\t\t\t\t\t<\/a>\t\t\t\t\t<\/div>\n\t\t\t\t\t\t\t\t\t<div class=\"wf-cell shown\">\n\t\t\t\t\t\t<a class=\"the7-icon-box-grid box-hover\" aria-label=\"Rappresentanza dinanzi alla Corte di Giustizia Tributaria dinanzi alla Corte di Cassazione\">\t\t\t\t\t\t\t<div class=\"box-content-wrapper\">\n\t\t\t\t\t\t\t\t\t\t\t\t\t\t\t\t\t<div class=\"elementor-icon-div\">\t\t\t\t\t\t\t\t\t\t<div class=\"elementor-icon\">\n\t\t\t\t\t\t\t\t\t\t\t<i aria-hidden=\"true\" class=\"feather feather-check\"><\/i>\t\t\t\t\t\t\t\t\t\t<\/div>\n\t\t\t\t\t\t\t\t\t<\/div>\t\t\t\t\t\t\t\t\t\t\t\t\t\t\t\t<div class=\"box-content\">\n\t\t\t\t\t\t\t\t\t\t\t\t\t\t\t\t\t\t\t\t\t\t\t\t\t\t\t\t\t<h4 class=\"box-heading\">\n\t\t\t\t\t\t\t\t\t\t\t\t\t\t\t\t\t\t\t\t\t\t\tRappresentanza dinanzi alla Corte di Giustizia Tributaria dinanzi alla Corte di Cassazione\t\t\t\t\t\t\t\t\t\t\t\t\t\t\t\t\t\t\t\t\t<\/h4>\n\t\t\t\t\t\t\t\t\t\t\t\t\t\t\t\t\t\t\t\t\t\t\t\t\t\t\t\t\t\t\t\t\t\t\t<\/div>\n\t\t\t\t\t\t\t<\/div>\n\t\t\t\t\t\t<\/a>\t\t\t\t\t<\/div>\n\t\t\t\t\t\t\t\t\t<div class=\"wf-cell shown\">\n\t\t\t\t\t\t<a class=\"the7-icon-box-grid box-hover\" aria-label=\"Difesa dinanzi alla Corte di Giustizia dell&#039;Unione Europea ed alla Corte dei Diritti dell&#039;uomo\">\t\t\t\t\t\t\t<div class=\"box-content-wrapper\">\n\t\t\t\t\t\t\t\t\t\t\t\t\t\t\t\t\t<div class=\"elementor-icon-div\">\t\t\t\t\t\t\t\t\t\t<div class=\"elementor-icon\">\n\t\t\t\t\t\t\t\t\t\t\t<i aria-hidden=\"true\" class=\"feather feather-check\"><\/i>\t\t\t\t\t\t\t\t\t\t<\/div>\n\t\t\t\t\t\t\t\t\t<\/div>\t\t\t\t\t\t\t\t\t\t\t\t\t\t\t\t<div class=\"box-content\">\n\t\t\t\t\t\t\t\t\t\t\t\t\t\t\t\t\t\t\t\t\t\t\t\t\t\t\t\t\t<h4 class=\"box-heading\">\n\t\t\t\t\t\t\t\t\t\t\t\t\t\t\t\t\t\t\t\t\t\t\tDifesa dinanzi alla Corte di Giustizia dell'Unione Europea ed alla Corte dei Diritti dell'uomo\t\t\t\t\t\t\t\t\t\t\t\t\t\t\t\t\t\t\t\t\t<\/h4>\n\t\t\t\t\t\t\t\t\t\t\t\t\t\t\t\t\t\t\t\t\t\t\t\t\t\t\t\t\t\t\t\t\t\t\t<\/div>\n\t\t\t\t\t\t\t<\/div>\n\t\t\t\t\t\t<\/a>\t\t\t\t\t<\/div>\n\t\t\t\t\t\t\t<\/div>\n\t\t<\/div>\t\t<\/div>\n\t\t\t\t<\/div>\n\t\t\t\t\t<\/div>\n\t\t<\/div>\n\t\t\t\t<div class=\"elementor-column elementor-col-50 elementor-inner-column elementor-element elementor-element-98d9768\" data-id=\"98d9768\" data-element_type=\"column\">\n\t\t\t<div class=\"elementor-widget-wrap elementor-element-populated\">\n\t\t\t\t\t\t<div class=\"elementor-element elementor-element-9de201d elementor-widget__width-auto elementor-widget elementor-widget-image\" data-id=\"9de201d\" data-element_type=\"widget\" data-widget_type=\"image.default\">\n\t\t\t\t<div class=\"elementor-widget-container\">\n\t\t\t\t\t\t\t\t\t\t\t\t\t<img decoding=\"async\" src=\"https:\/\/www.adest.it\/cms\/wp-content\/uploads\/elementor\/thumbs\/studio-02-qxfh939lqxs0pav8h7ozim3dfnz36aw0w1i3wgj8cw.jpg\" title=\"Adest\" alt=\"Adest\" loading=\"lazy\" \/>\t\t\t\t\t\t\t\t\t\t\t\t\t<\/div>\n\t\t\t\t<\/div>\n\t\t\t\t<div class=\"elementor-element elementor-element-43250df elementor-widget__width-auto elementor-widget elementor-widget-image\" data-id=\"43250df\" data-element_type=\"widget\" data-widget_type=\"image.default\">\n\t\t\t\t<div class=\"elementor-widget-container\">\n\t\t\t\t\t\t\t\t\t\t\t\t\t<img decoding=\"async\" src=\"https:\/\/www.adest.it\/cms\/wp-content\/uploads\/elementor\/thumbs\/diritto-001-qxfh939lqxs0pav8h7ozim3dfnz36aw0w1i3wgj8cw.jpg\" title=\"Adest\" alt=\"Adest\" loading=\"lazy\" \/>\t\t\t\t\t\t\t\t\t\t\t\t\t<\/div>\n\t\t\t\t<\/div>\n\t\t\t\t\t<\/div>\n\t\t<\/div>\n\t\t\t\t\t<\/div>\n\t\t<\/section>\n\t\t\t\t\t<\/div>\n\t\t<\/div>\n\t\t\t\t\t<\/div>\n\t\t<\/section>\n\t\t\t\t<section class=\"elementor-section elementor-top-section elementor-element elementor-element-e5965bb elementor-section-boxed elementor-section-height-default elementor-section-height-default\" data-id=\"e5965bb\" data-element_type=\"section\">\n\t\t\t\t\t\t<div class=\"elementor-container elementor-column-gap-default\">\n\t\t\t\t\t<div class=\"elementor-column elementor-col-100 elementor-top-column elementor-element elementor-element-8e24a54\" data-id=\"8e24a54\" data-element_type=\"column\">\n\t\t\t<div class=\"elementor-widget-wrap elementor-element-populated\">\n\t\t\t\t\t\t<div class=\"elementor-element elementor-element-c6dfca5 elementor-widget elementor-widget-heading\" data-id=\"c6dfca5\" data-element_type=\"widget\" data-widget_type=\"heading.default\">\n\t\t\t\t<div class=\"elementor-widget-container\">\n\t\t\t<h2 class=\"elementor-heading-title elementor-size-default\">Aree di attivit\u00e0<\/h2>\t\t<\/div>\n\t\t\t\t<\/div>\n\t\t\t\t\t<\/div>\n\t\t<\/div>\n\t\t\t\t\t<\/div>\n\t\t<\/section>\n\t\t\t\t<section class=\"elementor-section elementor-top-section elementor-element elementor-element-45698bc elementor-section-boxed elementor-section-height-default elementor-section-height-default\" data-id=\"45698bc\" data-element_type=\"section\">\n\t\t\t\t\t\t<div class=\"elementor-container elementor-column-gap-default\">\n\t\t\t\t\t<div class=\"elementor-column elementor-col-100 elementor-top-column elementor-element elementor-element-3709552\" data-id=\"3709552\" data-element_type=\"column\">\n\t\t\t<div class=\"elementor-widget-wrap elementor-element-populated\">\n\t\t\t\t\t\t<div class=\"elementor-element elementor-element-133825e arrows-relative-to-box_area slider-layout_1 slider-tablet-default slider-mobile-default slide-h-position-center bullets-small-dot-stroke elementor-widget elementor-widget-the7_content_carousel\" data-id=\"133825e\" data-element_type=\"widget\" data-settings=\"{&quot;widget_columns&quot;:5,&quot;gap_between_posts&quot;:{&quot;unit&quot;:&quot;px&quot;,&quot;size&quot;:3,&quot;sizes&quot;:[]},&quot;widget_columns_tablet&quot;:2,&quot;widget_columns_mobile&quot;:1,&quot;gap_between_posts_tablet&quot;:{&quot;unit&quot;:&quot;px&quot;,&quot;size&quot;:&quot;&quot;,&quot;sizes&quot;:[]},&quot;gap_between_posts_mobile&quot;:{&quot;unit&quot;:&quot;px&quot;,&quot;size&quot;:&quot;&quot;,&quot;sizes&quot;:[]}}\" data-widget_type=\"the7_content_carousel.default\">\n\t\t\t\t<div class=\"elementor-widget-container\">\n\t\t\t<div class=\"disable-arrows-hover-bg owl-carousel text-and-icon-carousel elementor-owl-carousel-call the7-elementor-widget the7_content_carousel-133825e quick-scale-img\" data-scroll-mode=\"1\" data-auto-height=\"false\" data-speed=\"600\" data-autoplay=\"false\" data-autoplay_speed=\"\"><div  class=\"dt-owl-item-wrap elements-hover elements-hover\"  ><div class=\"dt-owl-item-inner \"><a href=\"https:\/\/adest.it\/cms\/aree-attivita\/diritto-societario\/\"  class=\"dt-owl-item-icon\"><i aria-hidden=\"true\" class=\"open-button far fa-building\"><\/i><\/a><h4  class=\"dt-owl-item-heading\"><a href=\"https:\/\/adest.it\/cms\/aree-attivita\/diritto-societario\/\">Diritto societario<\/a><\/h4><\/div><\/div><div  class=\"dt-owl-item-wrap elements-hover elements-hover\"  ><div class=\"dt-owl-item-inner \"><a href=\"https:\/\/adest.it\/cms\/aree-attivita\/diritto-industriale-e-ip-law\/\"  class=\"dt-owl-item-icon\"><i aria-hidden=\"true\" class=\"open-button fas fa-landmark\"><\/i><\/a><h4  class=\"dt-owl-item-heading\"><a href=\"https:\/\/adest.it\/cms\/aree-attivita\/diritto-industriale-e-ip-law\/\">Diritto Industriale e Ip Law<\/a><\/h4><\/div><\/div><div  class=\"dt-owl-item-wrap elements-hover elements-hover\"  ><div class=\"dt-owl-item-inner \"><a href=\"https:\/\/adest.it\/cms\/aree-attivita\/diritto-bancario-e-finanziario\/\"  class=\"dt-owl-item-icon\"><i aria-hidden=\"true\" class=\"open-button far fa-money-bill-alt\"><\/i><\/a><h4  class=\"dt-owl-item-heading\"><a href=\"https:\/\/adest.it\/cms\/aree-attivita\/diritto-bancario-e-finanziario\/\">Diritto bancario e finanziario<\/a><\/h4><\/div><\/div><div  class=\"dt-owl-item-wrap elements-hover elements-hover\"  ><div class=\"dt-owl-item-inner \"><a href=\"https:\/\/adest.it\/cms\/aree-attivita\/contrattualistica-dimpresa\/\"  class=\"dt-owl-item-icon\"><i aria-hidden=\"true\" class=\"open-button fas fa-file-contract\"><\/i><\/a><h4  class=\"dt-owl-item-heading\"><a href=\"https:\/\/adest.it\/cms\/aree-attivita\/contrattualistica-dimpresa\/\">Contrattualistica d\u2019impresa<\/a><\/h4><\/div><\/div><div  class=\"dt-owl-item-wrap elements-hover elements-hover\"  ><div class=\"dt-owl-item-inner \"><a href=\"https:\/\/adest.it\/cms\/aree-attivita\/privacy-e-it-law\/\"  class=\"dt-owl-item-icon\"><i aria-hidden=\"true\" class=\"open-button fas fa-fingerprint\"><\/i><\/a><h4  class=\"dt-owl-item-heading\"><a href=\"https:\/\/adest.it\/cms\/aree-attivita\/privacy-e-it-law\/\"> Privacy e IT Law<\/a><\/h4><\/div><\/div><div  class=\"dt-owl-item-wrap elements-hover elements-hover\"  ><div class=\"dt-owl-item-inner \"><a href=\"https:\/\/adest.it\/cms\/aree-attivita\/operazioni-straordinarie\/\"  class=\"dt-owl-item-icon\"><i aria-hidden=\"true\" class=\"open-button feather feather-check-circle\"><\/i><\/a><h4  class=\"dt-owl-item-heading\"><a href=\"https:\/\/adest.it\/cms\/aree-attivita\/operazioni-straordinarie\/\">Operazioni straordinarie<\/a><\/h4><\/div><\/div><div  class=\"dt-owl-item-wrap elements-hover elements-hover\"  ><div class=\"dt-owl-item-inner \"><a href=\"https:\/\/adest.it\/cms\/aree-attivita\/strategia-pianificazione-e-controllo-dimpresa\/\"  class=\"dt-owl-item-icon\"><i aria-hidden=\"true\" class=\"open-button far fa-chart-bar\"><\/i><\/a><h4  class=\"dt-owl-item-heading\"><a href=\"https:\/\/adest.it\/cms\/aree-attivita\/strategia-pianificazione-e-controllo-dimpresa\/\">Strategia, Pianificazione e Controllo d\u2019Impresa <\/a><\/h4><\/div><\/div><div  class=\"dt-owl-item-wrap elements-hover elements-hover\"  ><div class=\"dt-owl-item-inner \"><a href=\"https:\/\/adest.it\/cms\/aree-attivita\/diritto-della-crisi-dimpresa\/\"  class=\"dt-owl-item-icon\"><i aria-hidden=\"true\" class=\"open-button fas fa-handshake\"><\/i><\/a><h4  class=\"dt-owl-item-heading\"><a href=\"https:\/\/adest.it\/cms\/aree-attivita\/diritto-della-crisi-dimpresa\/\">Diritto della crisi d\u2019impresa<\/a><\/h4><\/div><\/div><div  class=\"dt-owl-item-wrap elements-hover elements-hover\"  ><div class=\"dt-owl-item-inner \"><a href=\"https:\/\/adest.it\/cms\/aree-attivita\/diritto-del-lavoro\/\"  class=\"dt-owl-item-icon\"><i aria-hidden=\"true\" class=\"open-button fas fa-user-tie\"><\/i><\/a><h4  class=\"dt-owl-item-heading\"><a href=\"https:\/\/adest.it\/cms\/aree-attivita\/diritto-del-lavoro\/\">Diritto del lavoro<\/a><\/h4><\/div><\/div><div  class=\"dt-owl-item-wrap elements-hover elements-hover\"  ><div class=\"dt-owl-item-inner \"><a href=\"https:\/\/adest.it\/cms\/aree-attivita\/procedimento-e-processo-tributario\/\"  class=\"dt-owl-item-icon\"><i aria-hidden=\"true\" class=\"open-button far fa-folder-open\"><\/i><\/a><h4  class=\"dt-owl-item-heading\"><a href=\"https:\/\/adest.it\/cms\/aree-attivita\/procedimento-e-processo-tributario\/\">Procedimento e processo tributario <\/a><\/h4><\/div><\/div><div  class=\"dt-owl-item-wrap elements-hover elements-hover\"  ><div class=\"dt-owl-item-inner \"><a href=\"https:\/\/adest.it\/cms\/aree-attivita\/fiscalita-dimpresa\/\"  class=\"dt-owl-item-icon\"><i aria-hidden=\"true\" class=\"open-button fas fa-clipboard-list\"><\/i><\/a><h4  class=\"dt-owl-item-heading\"><a href=\"https:\/\/adest.it\/cms\/aree-attivita\/fiscalita-dimpresa\/\">Fiscalit\u00e0 d\u2019impresa<\/a><\/h4><\/div><\/div><div  class=\"dt-owl-item-wrap elements-hover elements-hover\"  ><div class=\"dt-owl-item-inner \"><a href=\"https:\/\/adest.it\/cms\/aree-attivita\/diritto-penale-dellimpresa-e-redazione-di-modelli-ex-dlg-231-2001\/\"  class=\"dt-owl-item-icon\"><i aria-hidden=\"true\" class=\"open-button fas fa-landmark\"><\/i><\/a><h4  class=\"dt-owl-item-heading\"><a href=\"https:\/\/adest.it\/cms\/aree-attivita\/diritto-penale-dellimpresa-e-redazione-di-modelli-ex-dlg-231-2001\/\">Diritto penale dell\u2019impresa <\/a><\/h4><\/div><\/div><\/div><div class=\"owl-nav disabled\"><div class=\"owl-prev\" role=\"button\"><i class=\"fas fa-chevron-left\"><\/i><\/div><div class=\"owl-next\" role=\"button\"><i class=\"fas fa-chevron-right\"><\/i><\/div><\/div>\t\t<\/div>\n\t\t\t\t<\/div>\n\t\t\t\t\t<\/div>\n\t\t<\/div>\n\t\t\t\t\t<\/div>\n\t\t<\/section>\n\t\t\t\t<section class=\"elementor-section elementor-top-section elementor-element elementor-element-74cbed8 elementor-section-boxed elementor-section-height-default elementor-section-height-default\" data-id=\"74cbed8\" data-element_type=\"section\">\n\t\t\t\t\t\t<div class=\"elementor-container elementor-column-gap-default\">\n\t\t\t\t\t<div class=\"elementor-column elementor-col-100 elementor-top-column elementor-element elementor-element-a30a1ce\" data-id=\"a30a1ce\" data-element_type=\"column\">\n\t\t\t<div class=\"elementor-widget-wrap elementor-element-populated\">\n\t\t\t\t\t\t<div class=\"elementor-element elementor-element-22c3fe5 elementor-widget elementor-widget-spacer\" data-id=\"22c3fe5\" data-element_type=\"widget\" data-widget_type=\"spacer.default\">\n\t\t\t\t<div class=\"elementor-widget-container\">\n\t\t\t\t\t<div class=\"elementor-spacer\">\n\t\t\t<div class=\"elementor-spacer-inner\"><\/div>\n\t\t<\/div>\n\t\t\t\t<\/div>\n\t\t\t\t<\/div>\n\t\t\t\t\t<\/div>\n\t\t<\/div>\n\t\t\t\t\t<\/div>\n\t\t<\/section>\n\t\t\t\t<\/div>\n\t\t","protected":false},"excerpt":{"rendered":"<p>Procedimento e Processo Tributario \u00c0dest offre assistenza e consulenza in una vasta gamma di settori del diritto tributario, che spaziano dalla fiscalit\u00e0 delle persone fisiche a quella delle imprese e dei gruppi aziendali, dalla fiscalit\u00e0 internazionale a quella dei mercati finanziari. Copriamo anche questioni legate all&#8217;IVA, alla fiscalit\u00e0 immobiliare e dell&#8217;energia, fornendo supporto in tutte&hellip;<\/p>\n","protected":false},"author":1,"featured_media":0,"parent":365,"menu_order":10,"comment_status":"closed","ping_status":"closed","template":"","meta":{"footnotes":""},"class_list":["post-7745","page","type-page","status-publish","hentry"],"aioseo_notices":[],"_links":{"self":[{"href":"https:\/\/www.adest.it\/cms\/wp-json\/wp\/v2\/pages\/7745","targetHints":{"allow":["GET"]}}],"collection":[{"href":"https:\/\/www.adest.it\/cms\/wp-json\/wp\/v2\/pages"}],"about":[{"href":"https:\/\/www.adest.it\/cms\/wp-json\/wp\/v2\/types\/page"}],"author":[{"embeddable":true,"href":"https:\/\/www.adest.it\/cms\/wp-json\/wp\/v2\/users\/1"}],"replies":[{"embeddable":true,"href":"https:\/\/www.adest.it\/cms\/wp-json\/wp\/v2\/comments?post=7745"}],"version-history":[{"count":28,"href":"https:\/\/www.adest.it\/cms\/wp-json\/wp\/v2\/pages\/7745\/revisions"}],"predecessor-version":[{"id":8728,"href":"https:\/\/www.adest.it\/cms\/wp-json\/wp\/v2\/pages\/7745\/revisions\/8728"}],"up":[{"embeddable":true,"href":"https:\/\/www.adest.it\/cms\/wp-json\/wp\/v2\/pages\/365"}],"wp:attachment":[{"href":"https:\/\/www.adest.it\/cms\/wp-json\/wp\/v2\/media?parent=7745"}],"curies":[{"name":"wp","href":"https:\/\/api.w.org\/{rel}","templated":true}]}}