{"id":871,"date":"2019-11-24T17:54:04","date_gmt":"2019-11-24T17:54:04","guid":{"rendered":"https:\/\/the7.io\/elementor-starter\/?page_id=871"},"modified":"2024-01-17T08:54:27","modified_gmt":"2024-01-17T07:54:27","slug":"lo-studio","status":"publish","type":"page","link":"https:\/\/www.adest.it\/cms\/lo-studio\/","title":{"rendered":"Lo studio"},"content":{"rendered":"\t\t<div data-elementor-type=\"wp-page\" data-elementor-id=\"871\" class=\"elementor elementor-871\" data-elementor-post-type=\"page\">\n\t\t\t\t\t\t<section class=\"elementor-section elementor-top-section elementor-element elementor-element-e02fd2d elementor-reverse-mobile elementor-section-boxed elementor-section-height-default elementor-section-height-default\" data-id=\"e02fd2d\" data-element_type=\"section\">\n\t\t\t\t\t\t<div class=\"elementor-container elementor-column-gap-wider\">\n\t\t\t\t\t<div class=\"elementor-column elementor-col-50 elementor-top-column elementor-element elementor-element-5d739bb\" data-id=\"5d739bb\" data-element_type=\"column\">\n\t\t\t<div class=\"elementor-widget-wrap elementor-element-populated\">\n\t\t\t\t\t\t<div class=\"elementor-element elementor-element-e117595 elementor-widget elementor-widget-heading\" data-id=\"e117595\" data-element_type=\"widget\" data-widget_type=\"heading.default\">\n\t\t\t\t<div class=\"elementor-widget-container\">\n\t\t\t<h4 class=\"elementor-heading-title elementor-size-default\"><em>\u00c0dest<\/em><\/h4>\t\t<\/div>\n\t\t\t\t<\/div>\n\t\t\t\t<div class=\"elementor-element elementor-element-6cbf8c6 elementor-widget elementor-widget-spacer\" data-id=\"6cbf8c6\" data-element_type=\"widget\" data-widget_type=\"spacer.default\">\n\t\t\t\t<div class=\"elementor-widget-container\">\n\t\t\t\t\t<div class=\"elementor-spacer\">\n\t\t\t<div class=\"elementor-spacer-inner\"><\/div>\n\t\t<\/div>\n\t\t\t\t<\/div>\n\t\t\t\t<\/div>\n\t\t\t\t<div class=\"elementor-element elementor-element-3778f1b elementor-widget elementor-widget-text-editor\" data-id=\"3778f1b\" data-element_type=\"widget\" data-widget_type=\"text-editor.default\">\n\t\t\t\t<div class=\"elementor-widget-container\">\n\t\t\t\t\t\t\t<p><strong>\u00c0dest \u00e8 uno Studio Legale, Tributario e di Consulenza Societaria<\/strong> che ha riunito un gruppo di professionisti, diventando una realt\u00e0 importante nel Nordest italiano.\u200b.<\/p>\t\t\t\t\t\t<\/div>\n\t\t\t\t<\/div>\n\t\t\t\t<div class=\"elementor-element elementor-element-c8d20f5 elementor-widget elementor-widget-spacer\" data-id=\"c8d20f5\" data-element_type=\"widget\" data-widget_type=\"spacer.default\">\n\t\t\t\t<div class=\"elementor-widget-container\">\n\t\t\t\t\t<div class=\"elementor-spacer\">\n\t\t\t<div class=\"elementor-spacer-inner\"><\/div>\n\t\t<\/div>\n\t\t\t\t<\/div>\n\t\t\t\t<\/div>\n\t\t\t\t<div class=\"elementor-element elementor-element-a483012 elementor-widget__width-initial elementor-widget elementor-widget-text-editor\" data-id=\"a483012\" data-element_type=\"widget\" data-widget_type=\"text-editor.default\">\n\t\t\t\t<div class=\"elementor-widget-container\">\n\t\t\t\t\t\t\t<p style=\"text-align: justify;\">\u00c0dest offre i propri servizi a cittadini, imprese nazionali e internazionali, cos\u00ec come alle Pubbliche Amministrazioni, con efficienza e tempestivit\u00e0 nella risoluzione delle questioni legate al &#8220;diritto dell&#8217;economia&#8221;.\t\t\t\t\t\t<\/div>\n\t\t\t\t<\/div>\n\t\t\t\t\t<\/div>\n\t\t<\/div>\n\t\t\t\t<div class=\"elementor-column elementor-col-50 elementor-top-column elementor-element elementor-element-c57e58f\" data-id=\"c57e58f\" data-element_type=\"column\">\n\t\t\t<div class=\"elementor-widget-wrap elementor-element-populated\">\n\t\t\t\t\t\t<div class=\"elementor-element elementor-element-1d97609d elementor-widget elementor-widget-image\" data-id=\"1d97609d\" data-element_type=\"widget\" data-widget_type=\"image.default\">\n\t\t\t\t<div class=\"elementor-widget-container\">\n\t\t\t\t\t\t\t\t\t\t\t\t\t<img fetchpriority=\"high\" decoding=\"async\" width=\"1024\" height=\"683\" src=\"https:\/\/www.adest.it\/cms\/wp-content\/uploads\/2023\/09\/studio-02-1024x683.jpg\" class=\"attachment-large size-large wp-image-6923\" alt=\"Adest\" srcset=\"https:\/\/www.adest.it\/cms\/wp-content\/uploads\/2023\/09\/studio-02-1024x683.jpg 1024w, https:\/\/www.adest.it\/cms\/wp-content\/uploads\/2023\/09\/studio-02-300x200.jpg 300w, https:\/\/www.adest.it\/cms\/wp-content\/uploads\/2023\/09\/studio-02-768x512.jpg 768w, https:\/\/www.adest.it\/cms\/wp-content\/uploads\/2023\/09\/studio-02.jpg 1200w\" sizes=\"(max-width: 1024px) 100vw, 1024px\" \/>\t\t\t\t\t\t\t\t\t\t\t\t\t<\/div>\n\t\t\t\t<\/div>\n\t\t\t\t\t<\/div>\n\t\t<\/div>\n\t\t\t\t\t<\/div>\n\t\t<\/section>\n\t\t\t\t<section class=\"elementor-section elementor-top-section elementor-element elementor-element-8f86af0 elementor-section-boxed elementor-section-height-default elementor-section-height-default\" data-id=\"8f86af0\" data-element_type=\"section\" data-settings=\"{&quot;background_background&quot;:&quot;classic&quot;}\">\n\t\t\t\t\t\t<div class=\"elementor-container elementor-column-gap-wider\">\n\t\t\t\t\t<div class=\"elementor-column elementor-col-50 elementor-top-column elementor-element elementor-element-a663482\" data-id=\"a663482\" data-element_type=\"column\" data-settings=\"{&quot;background_background&quot;:&quot;classic&quot;}\">\n\t\t\t<div class=\"elementor-widget-wrap elementor-element-populated\">\n\t\t\t\t\t\t<div class=\"elementor-element elementor-element-7b72467 elementor-widget elementor-widget-image\" data-id=\"7b72467\" data-element_type=\"widget\" data-widget_type=\"image.default\">\n\t\t\t\t<div class=\"elementor-widget-container\">\n\t\t\t\t\t\t\t\t\t\t\t\t\t<img decoding=\"async\" width=\"768\" height=\"1152\" src=\"https:\/\/www.adest.it\/cms\/wp-content\/uploads\/2023\/09\/foto-gruppo-001-768x1152.jpg\" class=\"attachment-medium_large size-medium_large wp-image-7049\" alt=\"Adest\" srcset=\"https:\/\/www.adest.it\/cms\/wp-content\/uploads\/2023\/09\/foto-gruppo-001-768x1152.jpg 768w, https:\/\/www.adest.it\/cms\/wp-content\/uploads\/2023\/09\/foto-gruppo-001-200x300.jpg 200w, https:\/\/www.adest.it\/cms\/wp-content\/uploads\/2023\/09\/foto-gruppo-001-683x1024.jpg 683w, https:\/\/www.adest.it\/cms\/wp-content\/uploads\/2023\/09\/foto-gruppo-001.jpg 800w\" sizes=\"(max-width: 768px) 100vw, 768px\" \/>\t\t\t\t\t\t\t\t\t\t\t\t\t<\/div>\n\t\t\t\t<\/div>\n\t\t\t\t\t<\/div>\n\t\t<\/div>\n\t\t\t\t<div class=\"elementor-column elementor-col-50 elementor-top-column elementor-element elementor-element-d59e9c7\" data-id=\"d59e9c7\" data-element_type=\"column\">\n\t\t\t<div class=\"elementor-widget-wrap elementor-element-populated\">\n\t\t\t\t\t\t<div class=\"elementor-element elementor-element-9116c84 elementor-widget elementor-widget-heading\" data-id=\"9116c84\" data-element_type=\"widget\" data-widget_type=\"heading.default\">\n\t\t\t\t<div class=\"elementor-widget-container\">\n\t\t\t<h2 class=\"elementor-heading-title elementor-size-default\">Il nostro approccio<\/h2>\t\t<\/div>\n\t\t\t\t<\/div>\n\t\t\t\t<div class=\"elementor-element elementor-element-681ac3d elementor-widget elementor-widget-spacer\" data-id=\"681ac3d\" data-element_type=\"widget\" data-widget_type=\"spacer.default\">\n\t\t\t\t<div class=\"elementor-widget-container\">\n\t\t\t\t\t<div class=\"elementor-spacer\">\n\t\t\t<div class=\"elementor-spacer-inner\"><\/div>\n\t\t<\/div>\n\t\t\t\t<\/div>\n\t\t\t\t<\/div>\n\t\t\t\t<div class=\"elementor-element elementor-element-5dfdc63 elementor-widget elementor-widget-text-editor\" data-id=\"5dfdc63\" data-element_type=\"widget\" data-widget_type=\"text-editor.default\">\n\t\t\t\t<div class=\"elementor-widget-container\">\n\t\t\t\t\t\t\t<p style=\"text-align: justify;\">L&#8217;approccio distintivo di \u00c0dest \u00e8 focalizzato sulle specifiche esigenze dei clienti, supportato dalla formazione universitaria dei nostri professionisti, che consente di adottare le strategie e le soluzioni pi\u00f9 appropriate.\n\n<p style=\"text-align: justify;\">Lo Studio si occupa, sia a livello giudiziale che stragiudiziale, di tutte le sfaccettature del diritto commerciale, fallimentare e tributario, offrendo servizi di consulenza fiscale su scala nazionale ed internazionale. Inoltre, arbitrati e negoziazioni vengono regolarmente svolti per individuare soluzioni rapide ed efficienti, alternative ai procedimenti giudiziari tradizionali, con una frequenza sempre maggiore.\t\t\t\t\t\t<\/div>\n\t\t\t\t<\/div>\n\t\t\t\t<div class=\"elementor-element elementor-element-8f12077 elementor-widget elementor-widget-spacer\" data-id=\"8f12077\" data-element_type=\"widget\" data-widget_type=\"spacer.default\">\n\t\t\t\t<div class=\"elementor-widget-container\">\n\t\t\t\t\t<div class=\"elementor-spacer\">\n\t\t\t<div class=\"elementor-spacer-inner\"><\/div>\n\t\t<\/div>\n\t\t\t\t<\/div>\n\t\t\t\t<\/div>\n\t\t\t\t<div class=\"elementor-element elementor-element-253893f content-align-left icon-box-vertical-align-top icon-position-left icon-vertical-align-start elementor-widget elementor-widget-the7_icon_box_grid_widget\" data-id=\"253893f\" data-element_type=\"widget\" data-widget_type=\"the7_icon_box_grid_widget.default\">\n\t\t\t\t<div class=\"elementor-widget-container\">\n\t\t\t<div class=\"the7-box-grid-wrapper the7-elementor-widget loading-effect-none the7_icon_box_grid_widget-253893f\">\t\t\t<div class=\"dt-css-grid\">\n\t\t\t\t\t\t\t\t\t<div class=\"wf-cell shown\">\n\t\t\t\t\t\t<div class=\"the7-icon-box-grid\">\t\t\t\t\t\t\t<div class=\"box-content-wrapper\">\n\t\t\t\t\t\t\t\t\t\t\t\t\t\t\t\t\t<a class=\"elementor-icon-div\" aria-label=\"15 Professionisti\">\t\t\t\t\t\t\t\t\t\t<div class=\"elementor-icon\">\n\t\t\t\t\t\t\t\t\t\t\t<i aria-hidden=\"true\" class=\"feather feather-users\"><\/i>\t\t\t\t\t\t\t\t\t\t<\/div>\n\t\t\t\t\t\t\t\t\t<\/a>\t\t\t\t\t\t\t\t\t\t\t\t\t\t\t\t<div class=\"box-content\">\n\t\t\t\t\t\t\t\t\t\t\t\t\t\t\t\t\t\t\t\t\t\t\t\t\t\t\t\t\t<h4 class=\"box-heading\">\n\t\t\t\t\t\t\t\t\t\t\t<a aria-label=\"15 Professionisti\">\t\t\t\t\t\t\t\t\t\t\t\t15 Professionisti\t\t\t\t\t\t\t\t\t\t\t<\/a>\t\t\t\t\t\t\t\t\t\t<\/h4>\n\t\t\t\t\t\t\t\t\t\t\t\t\t\t\t\t\t\t\t\t\t\t\t\t\t\t\t\t\t\t\t\t\t\t\t<\/div>\n\t\t\t\t\t\t\t<\/div>\n\t\t\t\t\t\t<\/div>\t\t\t\t\t<\/div>\n\t\t\t\t\t\t\t\t\t<div class=\"wf-cell shown\">\n\t\t\t\t\t\t<div class=\"the7-icon-box-grid\">\t\t\t\t\t\t\t<div class=\"box-content-wrapper\">\n\t\t\t\t\t\t\t\t\t\t\t\t\t\t\t\t\t<a class=\"elementor-icon-div\" aria-label=\"25 Anni di attivit\u00e0\">\t\t\t\t\t\t\t\t\t\t<div class=\"elementor-icon\">\n\t\t\t\t\t\t\t\t\t\t\t<i aria-hidden=\"true\" class=\"feather feather-briefcase\"><\/i>\t\t\t\t\t\t\t\t\t\t<\/div>\n\t\t\t\t\t\t\t\t\t<\/a>\t\t\t\t\t\t\t\t\t\t\t\t\t\t\t\t<div class=\"box-content\">\n\t\t\t\t\t\t\t\t\t\t\t\t\t\t\t\t\t\t\t\t\t\t\t\t\t\t\t\t\t<h4 class=\"box-heading\">\n\t\t\t\t\t\t\t\t\t\t\t<a aria-label=\"25 Anni di attivit\u00e0\">\t\t\t\t\t\t\t\t\t\t\t\t25 Anni di attivit\u00e0\t\t\t\t\t\t\t\t\t\t\t<\/a>\t\t\t\t\t\t\t\t\t\t<\/h4>\n\t\t\t\t\t\t\t\t\t\t\t\t\t\t\t\t\t\t\t\t\t\t\t\t\t\t\t\t\t\t\t\t\t\t\t<\/div>\n\t\t\t\t\t\t\t<\/div>\n\t\t\t\t\t\t<\/div>\t\t\t\t\t<\/div>\n\t\t\t\t\t\t\t\t\t<div class=\"wf-cell shown\">\n\t\t\t\t\t\t<div class=\"the7-icon-box-grid\">\t\t\t\t\t\t\t<div class=\"box-content-wrapper\">\n\t\t\t\t\t\t\t\t\t\t\t\t\t\t\t\t\t<a class=\"elementor-icon-div\" aria-label=\"pi\u00f9 di 150 Pubblicazioni\">\t\t\t\t\t\t\t\t\t\t<div class=\"elementor-icon\">\n\t\t\t\t\t\t\t\t\t\t\t<i aria-hidden=\"true\" class=\"feather feather-award\"><\/i>\t\t\t\t\t\t\t\t\t\t<\/div>\n\t\t\t\t\t\t\t\t\t<\/a>\t\t\t\t\t\t\t\t\t\t\t\t\t\t\t\t<div class=\"box-content\">\n\t\t\t\t\t\t\t\t\t\t\t\t\t\t\t\t\t\t\t\t\t\t\t\t\t\t\t\t\t<h4 class=\"box-heading\">\n\t\t\t\t\t\t\t\t\t\t\t<a aria-label=\"pi\u00f9 di 150 Pubblicazioni\">\t\t\t\t\t\t\t\t\t\t\t\tpi\u00f9 di 150 Pubblicazioni\t\t\t\t\t\t\t\t\t\t\t<\/a>\t\t\t\t\t\t\t\t\t\t<\/h4>\n\t\t\t\t\t\t\t\t\t\t\t\t\t\t\t\t\t\t\t\t\t\t\t\t\t\t\t\t\t\t\t\t\t\t\t<\/div>\n\t\t\t\t\t\t\t<\/div>\n\t\t\t\t\t\t<\/div>\t\t\t\t\t<\/div>\n\t\t\t\t\t\t\t\t\t<div class=\"wf-cell shown\">\n\t\t\t\t\t\t<div class=\"the7-icon-box-grid\">\t\t\t\t\t\t\t<div class=\"box-content-wrapper\">\n\t\t\t\t\t\t\t\t\t\t\t\t\t\t\t\t\t<a class=\"elementor-icon-div\" href=\"https:\/\/adest.it\/cms\/biblioteca\" aria-label=\"849 Volumi della biblioteca\">\t\t\t\t\t\t\t\t\t\t<div class=\"elementor-icon\">\n\t\t\t\t\t\t\t\t\t\t\t<i aria-hidden=\"true\" class=\"feather feather-book-open\"><\/i>\t\t\t\t\t\t\t\t\t\t<\/div>\n\t\t\t\t\t\t\t\t\t<\/a>\t\t\t\t\t\t\t\t\t\t\t\t\t\t\t\t<div class=\"box-content\">\n\t\t\t\t\t\t\t\t\t\t\t\t\t\t\t\t\t\t\t\t\t\t\t\t\t\t\t\t\t<h4 class=\"box-heading\">\n\t\t\t\t\t\t\t\t\t\t\t<a href=\"https:\/\/adest.it\/cms\/biblioteca\" aria-label=\"849 Volumi della biblioteca\">\t\t\t\t\t\t\t\t\t\t\t\t849 Volumi della biblioteca\t\t\t\t\t\t\t\t\t\t\t<\/a>\t\t\t\t\t\t\t\t\t\t<\/h4>\n\t\t\t\t\t\t\t\t\t\t\t\t\t\t\t\t\t\t\t\t\t\t\t\t\t\t\t\t\t\t\t\t\t\t\t<\/div>\n\t\t\t\t\t\t\t<\/div>\n\t\t\t\t\t\t<\/div>\t\t\t\t\t<\/div>\n\t\t\t\t\t\t\t\t\t<div class=\"wf-cell shown\">\n\t\t\t\t\t\t<div class=\"the7-icon-box-grid\">\t\t\t\t\t\t\t<div class=\"box-content-wrapper\">\n\t\t\t\t\t\t\t\t\t\t\t\t\t\t\t\t\t<a class=\"elementor-icon-div\" aria-label=\"20 Abbonamenti riviste mensili\">\t\t\t\t\t\t\t\t\t\t<div class=\"elementor-icon\">\n\t\t\t\t\t\t\t\t\t\t\t<i aria-hidden=\"true\" class=\"far fa-newspaper\"><\/i>\t\t\t\t\t\t\t\t\t\t<\/div>\n\t\t\t\t\t\t\t\t\t<\/a>\t\t\t\t\t\t\t\t\t\t\t\t\t\t\t\t<div class=\"box-content\">\n\t\t\t\t\t\t\t\t\t\t\t\t\t\t\t\t\t\t\t\t\t\t\t\t\t\t\t\t\t<h4 class=\"box-heading\">\n\t\t\t\t\t\t\t\t\t\t\t<a aria-label=\"20 Abbonamenti riviste mensili\">\t\t\t\t\t\t\t\t\t\t\t\t20 Abbonamenti riviste mensili\t\t\t\t\t\t\t\t\t\t\t<\/a>\t\t\t\t\t\t\t\t\t\t<\/h4>\n\t\t\t\t\t\t\t\t\t\t\t\t\t\t\t\t\t\t\t\t\t\t\t\t\t\t\t\t\t\t\t\t\t\t\t<\/div>\n\t\t\t\t\t\t\t<\/div>\n\t\t\t\t\t\t<\/div>\t\t\t\t\t<\/div>\n\t\t\t\t\t\t\t<\/div>\n\t\t<\/div>\t\t<\/div>\n\t\t\t\t<\/div>\n\t\t\t\t<div class=\"elementor-element elementor-element-5b77ed8 elementor-widget elementor-widget-spacer\" data-id=\"5b77ed8\" data-element_type=\"widget\" data-widget_type=\"spacer.default\">\n\t\t\t\t<div class=\"elementor-widget-container\">\n\t\t\t\t\t<div class=\"elementor-spacer\">\n\t\t\t<div class=\"elementor-spacer-inner\"><\/div>\n\t\t<\/div>\n\t\t\t\t<\/div>\n\t\t\t\t<\/div>\n\t\t\t\t\t<\/div>\n\t\t<\/div>\n\t\t\t\t\t<\/div>\n\t\t<\/section>\n\t\t\t\t<section class=\"elementor-section elementor-top-section elementor-element elementor-element-a22c0b5 elementor-reverse-mobile elementor-section-boxed elementor-section-height-default elementor-section-height-default\" data-id=\"a22c0b5\" data-element_type=\"section\">\n\t\t\t\t\t\t<div class=\"elementor-container elementor-column-gap-wider\">\n\t\t\t\t\t<div class=\"elementor-column elementor-col-50 elementor-top-column elementor-element elementor-element-fae8d05\" data-id=\"fae8d05\" data-element_type=\"column\">\n\t\t\t<div class=\"elementor-widget-wrap elementor-element-populated\">\n\t\t\t\t\t\t<div class=\"elementor-element elementor-element-9527977 elementor-widget__width-initial elementor-widget elementor-widget-text-editor\" data-id=\"9527977\" data-element_type=\"widget\" data-widget_type=\"text-editor.default\">\n\t\t\t\t<div class=\"elementor-widget-container\">\n\t\t\t\t\t\t\t<p style=\"text-align: justify;\">La nostra esperienza copre un&#8217;ampia gamma di servizi.<br \/>Ci dedichiamo alla gestione delle problematiche legate alla crisi d&#8217;impresa, sia fornendo supporto alle aziende che intendono accedere a tali istituti, sia assistendo gli organi delle procedure concorsuali. Inoltre, ci occupiamo di diritto penale dell&#8217;economia, affrontando i processi con team multidisciplinari, guidati da un costante e leale rapporto con le diverse Procure della Repubblica.<\/p><div class=\"chat-bubble\" data-v-da8c37f2=\"\"><div class=\"!prose-invert prose\" data-v-da8c37f2=\"\"><p style=\"text-align: justify;\">La nostra sede principale \u00e8 ubicata a Pordenone, nel cuore del tessuto industriale del Triveneto, ma abbiamo esteso la nostra presenza a Milano, Padova e Trieste attraverso una rete consolidata nel corso degli anni, grazie all&#8217;intensa attivit\u00e0 professionale e accademica. \u00c0dest costituisce la scelta ideale per affrontare le vostre sfide legali e aziendali con competenza e affidabilit\u00e0.<\/p><\/div><\/div>\t\t\t\t\t\t<\/div>\n\t\t\t\t<\/div>\n\t\t\t\t<div class=\"elementor-element elementor-element-b6f8917 elementor-widget elementor-widget-spacer\" data-id=\"b6f8917\" data-element_type=\"widget\" data-widget_type=\"spacer.default\">\n\t\t\t\t<div class=\"elementor-widget-container\">\n\t\t\t\t\t<div class=\"elementor-spacer\">\n\t\t\t<div class=\"elementor-spacer-inner\"><\/div>\n\t\t<\/div>\n\t\t\t\t<\/div>\n\t\t\t\t<\/div>\n\t\t\t\t<div class=\"elementor-element elementor-element-526aa8b elementor-widget elementor-widget-heading\" data-id=\"526aa8b\" data-element_type=\"widget\" data-widget_type=\"heading.default\">\n\t\t\t\t<div class=\"elementor-widget-container\">\n\t\t\t<p class=\"elementor-heading-title elementor-size-default\">I valori dello studio<\/p>\t\t<\/div>\n\t\t\t\t<\/div>\n\t\t\t\t<div class=\"elementor-element elementor-element-a539fed elementor-widget__width-initial elementor-widget elementor-widget-text-editor\" data-id=\"a539fed\" data-element_type=\"widget\" data-widget_type=\"text-editor.default\">\n\t\t\t\t<div class=\"elementor-widget-container\">\n\t\t\t\t\t\t\t<p style=\"text-align: justify;\">Il nostro stretto legame tra l&#8217;ambiente universitario e la pratica professionale ci consente di concepire e implementare nuovi approcci e soluzioni personalizzate per risolvere le questioni legali. Questo legame ci permette di essere all&#8217;avanguardia nell\u2019ideazione delle soluzioni pi\u00f9 opportune.\n\n<p style=\"text-align: justify;\">L&#8217;approccio professionale e multisettoriale consente di valorizzare le intuizioni e l&#8217;innovazione di ciascun professionista, trasferendo al cliente un servizio efficiente e completo ed supporto legale su misura.\n<div data-v-da8c37f2=\"\">\n<div data-v-da8c37f2=\"\">\n\n<p style=\"text-align: justify;\">La nostra sede principale \u00e8 ubicata a Pordenone, nel cuore del tessuto industriale del Triveneto, ma abbiamo esteso la nostra presenza a Milano, Padova e Trieste attraverso una rete consolidata nel corso degli anni, grazie all&#8217;intensa attivit\u00e0 professionale e accademica. \u00c0dest costituisce la scelta ideale per affrontare le vostre sfide legali e aziendali con competenza e affidabilit\u00e0.\n\n<\/div>\n<\/div>\t\t\t\t\t\t<\/div>\n\t\t\t\t<\/div>\n\t\t\t\t\t<\/div>\n\t\t<\/div>\n\t\t\t\t<div class=\"elementor-column elementor-col-50 elementor-top-column elementor-element elementor-element-2c015ea\" data-id=\"2c015ea\" data-element_type=\"column\">\n\t\t\t<div class=\"elementor-widget-wrap elementor-element-populated\">\n\t\t\t\t\t\t<div class=\"elementor-element elementor-element-d514ebd elementor-widget elementor-widget-image\" data-id=\"d514ebd\" data-element_type=\"widget\" data-widget_type=\"image.default\">\n\t\t\t\t<div class=\"elementor-widget-container\">\n\t\t\t\t\t\t\t\t\t\t\t\t\t<img decoding=\"async\" width=\"683\" height=\"1024\" src=\"https:\/\/www.adest.it\/cms\/wp-content\/uploads\/2023\/09\/foto-libreria-001-683x1024.jpg\" class=\"attachment-large size-large wp-image-7062\" alt=\"\" srcset=\"https:\/\/www.adest.it\/cms\/wp-content\/uploads\/2023\/09\/foto-libreria-001-683x1024.jpg 683w, https:\/\/www.adest.it\/cms\/wp-content\/uploads\/2023\/09\/foto-libreria-001-200x300.jpg 200w, https:\/\/www.adest.it\/cms\/wp-content\/uploads\/2023\/09\/foto-libreria-001-768x1152.jpg 768w, https:\/\/www.adest.it\/cms\/wp-content\/uploads\/2023\/09\/foto-libreria-001.jpg 800w\" sizes=\"(max-width: 683px) 100vw, 683px\" \/>\t\t\t\t\t\t\t\t\t\t\t\t\t<\/div>\n\t\t\t\t<\/div>\n\t\t\t\t\t<\/div>\n\t\t<\/div>\n\t\t\t\t\t<\/div>\n\t\t<\/section>\n\t\t\t\t<\/div>\n\t\t","protected":false},"excerpt":{"rendered":"<p>\u00c0dest \u00c0dest \u00e8 uno Studio Legale, Tributario e di Consulenza Societaria che ha riunito un gruppo di professionisti, diventando una realt\u00e0 importante nel Nordest italiano.\u200b. \u00c0dest offre i propri servizi a cittadini, imprese nazionali e internazionali, cos\u00ec come alle Pubbliche Amministrazioni, con efficienza e tempestivit\u00e0 nella risoluzione delle questioni legate al &#8220;diritto dell&#8217;economia&#8221;. Il nostro&hellip;<\/p>\n","protected":false},"author":1,"featured_media":0,"parent":0,"menu_order":17,"comment_status":"closed","ping_status":"closed","template":"","meta":{"footnotes":""},"class_list":["post-871","page","type-page","status-publish","hentry"],"aioseo_notices":[],"_links":{"self":[{"href":"https:\/\/www.adest.it\/cms\/wp-json\/wp\/v2\/pages\/871","targetHints":{"allow":["GET"]}}],"collection":[{"href":"https:\/\/www.adest.it\/cms\/wp-json\/wp\/v2\/pages"}],"about":[{"href":"https:\/\/www.adest.it\/cms\/wp-json\/wp\/v2\/types\/page"}],"author":[{"embeddable":true,"href":"https:\/\/www.adest.it\/cms\/wp-json\/wp\/v2\/users\/1"}],"replies":[{"embeddable":true,"href":"https:\/\/www.adest.it\/cms\/wp-json\/wp\/v2\/comments?post=871"}],"version-history":[{"count":69,"href":"https:\/\/www.adest.it\/cms\/wp-json\/wp\/v2\/pages\/871\/revisions"}],"predecessor-version":[{"id":8465,"href":"https:\/\/www.adest.it\/cms\/wp-json\/wp\/v2\/pages\/871\/revisions\/8465"}],"wp:attachment":[{"href":"https:\/\/www.adest.it\/cms\/wp-json\/wp\/v2\/media?parent=871"}],"curies":[{"name":"wp","href":"https:\/\/api.w.org\/{rel}","templated":true}]}}